e units digit of 620541?
1
What is the ten thousands digit of 178090?
7
What is the tens digit of 2545888?
8
What is the ten thousands digit of 14375926?
7
What is the thousands digit of 16244826?
4
What is the hundreds digit of 9077946?
9
What is the thousands digit of 81777?
1
What is the hundred thousands digit of 1778624?
7
What is the thousands digit of 54594?
4
What is the ten thousands digit of 358424?
5
What is the thousands digit of 531541?
1
What is the thousands digit of 296366?
6
What is the thousands digit of 1171656?
1
What is the units digit of 267016?
6
What is the hundred thousands digit of 256244?
2
What is the thousands digit of 862231?
2
What is the hundred thousands digit of 3396286?
3
What is the hundreds digit of 31947978?
9
What is the tens digit of 639619?
1
What is the ten thousands digit of 738860?
3
What is the millions digit of 12149205?
2
What is the thousands digit of 349000?
9
What is the tens digit of 985395?
9
What is the hundreds digit of 240763?
7
What is the millions digit of 1583191?
1
What is the thousands digit of 2158775?
8
What is the ten thousands digit of 2743635?
4
What is the hundred thousands digit of 7412121?
4
What is the hundreds digit of 9203008?
0
What is the tens digit of 189858?
5
What is the hundred thousands digit of 5033007?
0
What is the hundreds digit of 2759134?
1
What is the ten thousands digit of 708511?
0
What is the hundred thousands digit of 2323131?
3
What is the millions digit of 3359108?
3
What is the ten thousands digit of 24617577?
1
What is the hundred thousands digit of 1151168?
1
What is the hundred thousands digit of 695356?
6
What is the tens digit of 72641?
4
What is the thousands digit of 1506099?
6
What is the units digit of 5857813?
3
What is the millions digit of 1846171?
1
What is the hundreds digit of 901602?
6
What is the thousands digit of 2827529?
7
What is the millions digit of 4942741?
4
What is the units digit of 36785517?
7
What is the thousands digit of 1195822?
5
What is the units digit of 615881?
1
What is the hundreds digit of 379638?
6
What is the units digit of 887206?
6
What is the hundreds digit of 1260129?
1
What is the millions digit of 6680740?
6
What is the hundred thousands digit of 758628?
7
What is the thousands digit of 146843?
6
What is the units digit of 115640?
0
What is the hundred thousands digit of 6676458?
6
What is the ten thousands digit of 7610514?
1
What is the millions digit of 14042230?
4
What is the hundred thousands digit of 768144?
7
What is the ten thousands digit of 3837463?
3
What is the tens digit of 2000371?
7
What is the units digit of 25241094?
4
What is the units digit of 305461?
1
What is the tens digit of 119261?
6
What is the units digit of 11157443?
3
What is the hundred thousands digit of 288758?
2
What is the tens digit of 537652?
5
What is the millions digit of 5490664?
5
What is the ten thousands digit of 4243879?
4
What is the millions digit of 2365546?
2
What is the thousands digit of 134636?
4
What is the thousands digit of 243693?
3
What is the hundreds digit of 2200888?
8
What is the thousands digit of 4313213?
3
What is the hundreds digit of 576116?
1
What is the tens digit of 587242?
4
What is the millions digit of 2626916?
2
What is the tens digit of 2413668?
6
What is the tens digit of 5499755?
5
What is the tens digit of 1961822?
2
What is the tens digit of 25610929?
2
What is the ten thousands digit of 21100436?
0
What is the tens digit of 26705445?
4
What is the units digit of 242603?
3
What is the thousands digit of 3427653?
7
What is the thousands digit of 117193?
7
What is the hundred thousands digit of 198578?
1
What is the hundred thousands digit of 656771?
6
What is the millions digit of 8623343?
8
What is the hundred thousands digit of 5417569?
4
What is the hundreds digit of 172805?
8
What is the hundred thousands digit of 3399457?
3
What is the ten thousands digit of 11913974?
1
What is the tens digit of 149493?
9
What is the tens digit of 11738396?
9
What is the ten thousands digit of 3009265?
0
What is the hundred thousands digit of 1110331?
1
What is the thousands digit of 1355144?
5
What is the thousands digit of 149330?
9
What is the thousands digit of 108817?
8
What is the units digit of 11592?
2
What is the thousands digit of 6122839?
2
What is the tens digit of 74854?
5
What is the tens digit of 1133602?
0
What is the units digit of 7332707?
7
What is the tens digit of 4338129?
2
What is the hundreds digit of 3243892?
8
What is the tens digit of 257567?
6
What is the ten thousands digit of 643338?
4
What is the thousands digit of 24235?
4
What is the hundreds digit of 4060887?
8
What is the units digit of 178909?
9
What is the units digit of 2839051?
1
What is the units digit of 338893?
3
What is the thousands digit of 446787?
6
What is the units digit of 1241482?
2
What is the hundred thousands digit of 1153922?
1
What is the ten thousands digit of 169693?
6
What is the thousands digit of 2969196?
9
What is the tens digit of 8312371?
7
What is the thousands digit of 626621?
6
What is the units digit of 1992078?
8
What is the tens digit of 720349?
4
What is the hundred thousands digit of 671390?
6
What is the units digit of 114489?
9
What is the thousands digit of 841878?
1
What is the hundred thousands digit of 4627365?
6
What is the thousands digit of 3216381?
6
What is the units digit of 2239444?
4
What is the thousands digit of 673002?
3
What is the tens digit of 5187016?
1
What is the ten millions digit of 18670914?
1
What is the thousands digit of 168184?
8
What is the hundred thousands digit of 215705?
2
What is the ten thousands digit of 2333526?
3
What is the units digit of 35800259?
9
What is the hundreds digit of 773090?
0
What is the units digit of 181732?
2
What is the hundreds digit of 784433?
4
What is the tens digit of 257684?
8
What is the hundreds digit of 320011?
0
What is the ten millions digit of 24543995?
2
What is the units digit of 183803?
3
What is the units digit of 216085?
5
What is the units digit of 6187862?
2
What is the millions digit of 5508217?
5
What is the units digit of 20661665?
5
What is the units digit of 17096939?
9
What is the units digit of 2290292?
2
What is the tens digit of 887836?
3
What is the hundred thousands digit of 270903?
2
What is the hundreds digit of 1283260?
2
What is the hundred thousands digit of 1234342?
2
What is the tens digit of 1699432?
3
What is the ten thousands digit of 1792400?
9
What is the hundred thousands digit of 450170?
4
What is the ten thousands digit of 194014?
9
What is the tens digit of 524250?
5
What is the tens digit of 310824?
2
What is the ten thousands digit of 90083?
9
What is the tens digit of 120106?
0
What is the ten thousands digit of 7468413?
6
What is the hundred thousands digit of 366491?
3
What is the hundreds digit of 4769103?
1
What is the hundreds digit of 964528?
5
What is the hundreds digit of 6648765?
7
What is the hundreds digit of 93648?
6
What is the ten thousands digit of 3679913?
7
What is the thousands digit of 2698202?
8
What is the ten thousands digit of 687251?
8
What is the hundred thousands digit of 1481220?
4
What is the ten thousands digit of 23984666?
8
What is the units digit of 393361?
1
What is the hundreds digit of 195863?
8
What is the millions digit of 3514176?
3
What is the ten thousands digit of 88445?
8
What is the tens digit of 483815?
1
What is the units digit of 16718154?
4
What is the hundred thousands digit of 11786264?
7
What is the ten thousands digit of 345088?
4
What is the ten thousands digit of 343209?
4
What is the tens digit of 131832?
3
What is the units digit of 2063547?
7
What is the tens digit of 332369?
6
What is the ten thousands digit of 9091821?
9
What is the units digit of 124338?
8
What is the units digit of 5461525?
5
What is the hundreds digit of 2684059?
0
What is the hundreds digit of 3720?
7
What is the units digit of 9101416?
6
What is the units digit of 727907?
7
What is the hundreds digit of 1087137?
1
What is the hundred thousands digit of 13617626?
6
What is the thousands digit of 12182282?
2
What is the units digit of 24520?
0
What is the hundred thousands digit of 940982?
9
What is the thousands digit of 316743?
6
What is